{"id":25,"date":"2020-03-12T20:53:16","date_gmt":"2020-03-12T20:53:16","guid":{"rendered":"http:\/\/acehn.se\/?page_id=25"},"modified":"2020-05-13T17:32:52","modified_gmt":"2020-05-13T17:32:52","slug":"om-mig","status":"publish","type":"page","link":"https:\/\/acehn.se\/index.php\/om-mig\/","title":{"rendered":"Om Mig"},"content":{"rendered":"<body>\n<p>Akvarell\u00a0\u00e4r mitt stora intresse, min avkoppling, min gl\u00e4dje och mitt s\u00e4tt att\u00a0f\u00f6rs\u00f6ka f\u00f6rst\u00e5 livet. Akvarell-tekniken\u00a0f\u00f6rser mig med en m\u00f6jlighet att arbeta fram k\u00e4nslofyllda uttryck och i mina\u00a0h\u00e4nder v\u00e4xer och utvecklas bilderna\u00a0till talande verk, de ger mig m\u00f6jlighet att\u00a0visa\u00a0det\u00a0verkliga i det overkliga.\u00a0Ut\u00f6ver bilder i akvarell arbetar jag med keramik, och d\u00e5 i raku-teknik.\u00a0\u00a0<\/p>\n\n\n\n<p><strong>Utbildningar: <\/strong><br> ABF:s m\u00e5larskola 92-93 G\u00f6teborg<br> FKU (f\u00f6rberedande konstn\u00e4rlig utbildning) p\u00e5 Schillerska 93-94 G\u00f6teborg<br> \u00c5sa Folkh\u00f6gskola.  Estetisk linje 95-96.<br> Kurser:<br> Keramik, rakukurs.- 97 Eva Troedsson \u00d6sterlen<br> Rakukurser. 98 \u2013 2012 Eva Falk Ljungskile <br> Akvarellkurs -97 Leif Holgersson Boken\u00e4set<br> Akvarellkurs 2006, Kurs p\u00e5 Korsika. H\u00e5kan Lager Kungsbacka.<br> Akvarellkurs 2013, Kyrkeruds folkh\u00f6gskola \u00c5rj\u00e4ng. Geir Yttervik.<br> Akvarellkurs 2019, Mullsj\u00f6 folkh\u00f6gskola Mullsj\u00f6. Monica M\u00e5nson. <br> Akvarellkurs 2019, Sl\u00e4dene <a href=\"http:\/\/Ehnrum.se\">Ehnrum<\/a> Hans Kihlen <br><\/p>\n\n\n\n<p><strong>Utst\u00e4llningar och Hantverksmarknader: <\/strong><br> Utst\u00e4llning Bagareg\u00e5rdens kulturhus 2004 \u201dFruktbart samarbete\u201d<br> Utst\u00e4llning biblioteket Axel Dahlstr\u00f6ms torg 2004 \u201dStarkare \u00e4n ord\u201d<br> Medlemsutst\u00e4llning Mariaplans konstgrupp 2004, 2005, 2006 <br> Som medlem i Konsthantverksgruppen Asp\u00e4nt www.avspant.se har jag st\u00e4llt ut i butikerna p\u00e5 Falk\u00e4ngen, Kinnekulle, i Borgholm p\u00e5 \u00d6land och i konsthantverksbutiken, Majorna i G\u00f6teborg.2007-2009.<br> Sk\u00f6rdemarknad \u201dSk\u00f6rdefr\u00f6jd\u201d Sl\u00e4dene 2001-2008<br> Vara konstrunda. Sl\u00e4dene g\u00e5rd. 2009<br> Orust, Kungsviken.  havsverk@gmail.com 2011-2017.<br> Utst\u00e4llning i gamla skolan p\u00e5 Gullholmen, Orust. 2011-2017.<br> Utst\u00e4llning p\u00e5 Svenskt n\u00e4ringsliv 2006, 2012<br> Utst\u00e4llning i Sl\u00e4dene, Vara ehnrum.se 2011. F\u00e4rg och form i ehnrum, L\u00e5ngfredag&amp; p\u00e5skafton. Ta med far till\u2026MC-utst\u00e4llning. Utst\u00e4llning \u201dsl\u00e4kten \u00e4r b\u00e4st\u201d 2017 P\u00e5sk. <br> P\u00e5sk- salong J\u00f6rlanda 2012<br> Utst\u00e4llning fiske mus\u00e9et H\u00f6n\u00f6 2011,2012<br> Lidk\u00f6pings Kultur &amp; Porslinsfestival. Aug 2012, Aug 2013 och Aug 2015 <br> Utst\u00e4llning Galleri Wadman G\u00f6teborg 2012<br> \u00d6ppen atelj\u00e9 Torskogsv\u00e4gen12, i V\u00e4stra Hisingens konstrunda i september www.konstrundanvastrahisingen.blogspot.se   2012- 2019<br> V\u00e5rsalong Majvallen G\u00f6teborg 2018<br> Utst\u00e4llning \u201dMitt bildspr\u00e5k\u201d G\u00f6teborg 2019<\/p>\n\n\n\n<p><a href=\"mailto:a.ehngustafsson@telia.com\">Kontakta mig<\/a><\/p>\n<\/body>","protected":false},"excerpt":{"rendered":"<p>Akvarell\u00a0\u00e4r mitt stora intresse, min avkoppling, min gl\u00e4dje och mitt s\u00e4tt att\u00a0f\u00f6rs\u00f6ka f\u00f6rst\u00e5 livet. Akvarell-tekniken\u00a0f\u00f6rser mig med en m\u00f6jlighet att arbeta fram k\u00e4nslofyllda uttryck och i mina\u00a0h\u00e4nder v\u00e4xer och utvecklas bilderna\u00a0till talande verk, de ger mig m\u00f6jlighet att\u00a0visa\u00a0det\u00a0verkliga i det overkliga.\u00a0Ut\u00f6ver bilder i akvarell arbetar jag med keramik, och d\u00e5 i raku-teknik.\u00a0\u00a0 Utbildningar: ABF:s m\u00e5larskola&hellip;<\/p>\n","protected":false},"author":1,"featured_media":97,"parent":0,"menu_order":0,"comment_status":"closed","ping_status":"closed","template":"","meta":{"om_disable_all_campaigns":false,"_monsterinsights_skip_tracking":false,"_monsterinsights_sitenote_active":false,"_monsterinsights_sitenote_note":"","_monsterinsights_sitenote_category":0,"footnotes":""},"class_list":["post-25","page","type-page","status-publish","has-post-thumbnail","hentry"],"jetpack_sharing_enabled":true,"_links":{"self":[{"href":"https:\/\/acehn.se\/index.php\/wp-json\/wp\/v2\/pages\/25","targetHints":{"allow":["GET"]}}],"collection":[{"href":"https:\/\/acehn.se\/index.php\/wp-json\/wp\/v2\/pages"}],"about":[{"href":"https:\/\/acehn.se\/index.php\/wp-json\/wp\/v2\/types\/page"}],"author":[{"embeddable":true,"href":"https:\/\/acehn.se\/index.php\/wp-json\/wp\/v2\/users\/1"}],"replies":[{"embeddable":true,"href":"https:\/\/acehn.se\/index.php\/wp-json\/wp\/v2\/comments?post=25"}],"version-history":[{"count":7,"href":"https:\/\/acehn.se\/index.php\/wp-json\/wp\/v2\/pages\/25\/revisions"}],"predecessor-version":[{"id":185,"href":"https:\/\/acehn.se\/index.php\/wp-json\/wp\/v2\/pages\/25\/revisions\/185"}],"wp:featuredmedia":[{"embeddable":true,"href":"https:\/\/acehn.se\/index.php\/wp-json\/wp\/v2\/media\/97"}],"wp:attachment":[{"href":"https:\/\/acehn.se\/index.php\/wp-json\/wp\/v2\/media?parent=25"}],"curies":[{"name":"wp","href":"https:\/\/api.w.org\/{rel}","templated":true}]}}