{"id":33,"date":"2020-03-12T20:55:30","date_gmt":"2020-03-12T20:55:30","guid":{"rendered":"http:\/\/acehn.se\/?page_id=33"},"modified":"2020-04-12T21:16:08","modified_gmt":"2020-04-12T21:16:08","slug":"utstallningar","status":"publish","type":"page","link":"https:\/\/acehn.se\/index.php\/utstallningar\/","title":{"rendered":"Utst\u00e4llningar"},"content":{"rendered":"<body>\n<p>Min n\u00e4sta utst\u00e4llning kommer vara i Varberg i sommar. V\u00e4lkomna dit.<\/p>\n\n\n\n<p>Ni f\u00e5r hemskt g\u00e4rna bes\u00f6ka och se mina bilder och smycken i min atelj\u00e9 i Torslanda. Skicka ett mail s\u00e5 best\u00e4mmer vi tid. <a href=\"mailto:a.ehngustafsson@telia.com\">kontakta mig<\/a><\/p>\n<\/body>","protected":false},"excerpt":{"rendered":"<p>Min n\u00e4sta utst\u00e4llning kommer vara i Varberg i sommar. V\u00e4lkomna dit. Ni f\u00e5r hemskt g\u00e4rna bes\u00f6ka och se mina bilder och smycken i min atelj\u00e9 i Torslanda. Skicka ett mail s\u00e5 best\u00e4mmer vi tid. kontakta mig<\/p>\n","protected":false},"author":1,"featured_media":0,"parent":0,"menu_order":0,"comment_status":"closed","ping_status":"closed","template":"","meta":{"om_disable_all_campaigns":false,"_monsterinsights_skip_tracking":false,"_monsterinsights_sitenote_active":false,"_monsterinsights_sitenote_note":"","_monsterinsights_sitenote_category":0,"footnotes":""},"class_list":["post-33","page","type-page","status-publish","hentry"],"jetpack_sharing_enabled":true,"_links":{"self":[{"href":"https:\/\/acehn.se\/index.php\/wp-json\/wp\/v2\/pages\/33","targetHints":{"allow":["GET"]}}],"collection":[{"href":"https:\/\/acehn.se\/index.php\/wp-json\/wp\/v2\/pages"}],"about":[{"href":"https:\/\/acehn.se\/index.php\/wp-json\/wp\/v2\/types\/page"}],"author":[{"embeddable":true,"href":"https:\/\/acehn.se\/index.php\/wp-json\/wp\/v2\/users\/1"}],"replies":[{"embeddable":true,"href":"https:\/\/acehn.se\/index.php\/wp-json\/wp\/v2\/comments?post=33"}],"version-history":[{"count":6,"href":"https:\/\/acehn.se\/index.php\/wp-json\/wp\/v2\/pages\/33\/revisions"}],"predecessor-version":[{"id":107,"href":"https:\/\/acehn.se\/index.php\/wp-json\/wp\/v2\/pages\/33\/revisions\/107"}],"wp:attachment":[{"href":"https:\/\/acehn.se\/index.php\/wp-json\/wp\/v2\/media?parent=33"}],"curies":[{"name":"wp","href":"https:\/\/api.w.org\/{rel}","templated":true}]}}